it of 2522?
2
What is the units digit of 647?
7
What is the hundreds digit of 2123?
1
What is the thousands digit of 3551?
3
What is the hundreds digit of 8879?
8
What is the thousands digit of 28061?
8
What is the tens digit of 1422?
2
What is the tens digit of 21105?
0
What is the thousands digit of 3022?
3
What is the units digit of 13911?
1
What is the hundreds digit of 168533?
5
What is the ten thousands digit of 44615?
4
What is the thousands digit of 2124?
2
What is the tens digit of 858?
5
What is the tens digit of 3434?
3
What is the units digit of 17841?
1
What is the hundreds digit of 20145?
1
What is the tens digit of 2801?
0
What is the thousands digit of 1889?
1
What is the tens digit of 886?
8
What is the ten thousands digit of 55607?
5
What is the units digit of 7923?
3
What is the units digit of 5073?
3
What is the hundreds digit of 34413?
4
What is the tens digit of 1018?
1
What is the thousands digit of 51455?
1
What is the hundreds digit of 33175?
1
What is the units digit of 1?
1
What is the tens digit of 832?
3
What is the hundreds digit of 668?
6
What is the thousands digit of 94240?
4
What is the tens digit of 2381?
8
What is the thousands digit of 36582?
6
What is the thousands digit of 1380?
1
What is the units digit of 6911?
1
What is the tens digit of 3146?
4
What is the tens digit of 778?
7
What is the hundreds digit of 3998?
9
What is the thousands digit of 1100?
1
What is the thousands digit of 8850?
8
What is the hundreds digit of 16127?
1
What is the tens digit of 2340?
4
What is the tens digit of 9604?
0
What is the hundreds digit of 548?
5
What is the hundreds digit of 730?
7
What is the thousands digit of 1005?
1
What is the thousands digit of 2355?
2
What is the hundreds digit of 12054?
0
What is the units digit of 289?
9
What is the tens digit of 21526?
2
What is the thousands digit of 11131?
1
What is the hundreds digit of 3479?
4
What is the hundreds digit of 1864?
8
What is the units digit of 2248?
8
What is the units digit of 1502?
2
What is the units digit of 775?
5
What is the units digit of 310?
0
What is the tens digit of 1827?
2
What is the units digit of 14495?
5
What is the hundreds digit of 7552?
5
What is the units digit of 4093?
3
What is the tens digit of 278?
7
What is the hundreds digit of 38313?
3
What is the units digit of 143366?
6
What is the hundreds digit of 161287?
2
What is the hundreds digit of 5451?
4
What is the thousands digit of 1009?
1
What is the units digit of 439?
9
What is the thousands digit of 23100?
3
What is the tens digit of 880?
8
What is the thousands digit of 60281?
0
What is the tens digit of 3640?
4
What is the thousands digit of 2481?
2
What is the ten thousands digit of 59033?
5
What is the units digit of 256?
6
What is the ten thousands digit of 48087?
4
What is the tens digit of 574?
7
What is the tens digit of 421?
2
What is the ten thousands digit of 100330?
0
What is the thousands digit of 8760?
8
What is the tens digit of 19133?
3
What is the tens digit of 6823?
2
What is the hundreds digit of 3146?
1
What is the hundreds digit of 36754?
7
What is the tens digit of 241?
4
What is the units digit of 1062?
2
What is the hundreds digit of 8087?
0
What is the ten thousands digit of 16630?
1
What is the tens digit of 17235?
3
What is the hundreds digit of 1594?
5
What is the units digit of 78853?
3
What is the units digit of 1395?
5
What is the units digit of 49?
9
What is the thousands digit of 61529?
1
What is the tens digit of 17595?
9
What is the units digit of 5613?
3
What is the hundreds digit of 16609?
6
What is the tens digit of 36224?
2
What is the tens digit of 915?
1
What is the ten thousands digit of 10315?
1
What is the tens digit of 2966?
6
What is the hundreds digit of 86391?
3
What is the hundreds digit of 15655?
6
What is the tens digit of 862?
6
What is the thousands digit of 52556?
2
What is the tens digit of 41?
4
What is the hundreds digit of 74759?
7
What is the ten thousands digit of 28388?
2
What is the units digit of 14228?
8
What is the tens digit of 1877?
7
What is the hundreds digit of 2785?
7
What is the units digit of 204?
4
What is the tens digit of 164766?
6
What is the tens digit of 34653?
5
What is the thousands digit of 13717?
3
What is the hundreds digit of 93675?
6
What is the tens digit of 387?
8
What is the ten thousands digit of 12499?
1
What is the thousands digit of 39101?
9
What is the thousands digit of 4081?
4
What is the units digit of 9031?
1
What is the units digit of 2208?
8
What is the units digit of 37269?
9
What is the hundreds digit of 297?
2
What is the thousands digit of 34435?
4
What is the hundreds digit of 26939?
9
What is the units digit of 4409?
9
What is the thousands digit of 8549?
8
What is the units digit of 84072?
2
What is the hundreds digit of 1248?
2
What is the hundreds digit of 2519?
5
What is the tens digit of 53387?
8
What is the hundreds digit of 428?
4
What is the tens digit of 43356?
5
What is the hundreds digit of 1145?
1
What is the thousands digit of 27084?
7
What is the units digit of 480?
0
What is the hundreds digit of 41760?
7
What is the units digit of 53828?
8
What is the units digit of 4766?
6
What is the hundreds digit of 12997?
9
What is the tens digit of 44653?
5
What is the hundreds digit of 115?
1
What is the hundreds digit of 2314?
3
What is the hundreds digit of 2819?
8
What is the hundreds digit of 386?
3
What is the tens digit of 1232?
3
What is the units digit of 1144?
4
What is the units digit of 3462?
2
What is the units digit of 19527?
7
What is the units digit of 379?
9
What is the units digit of 4364?
4
What is the thousands digit of 1344?
1
What is the hundreds digit of 11579?
5
What is the tens digit of 16975?
7
What is the thousands digit of 5984?
5
What is the tens digit of 7626?
2
What is the tens digit of 6203?
0
What is the units digit of 26836?
6
What is the ten thousands digit of 57239?
5
What is the thousands digit of 19165?
9
What is the units digit of 7092?
2
What is the hundreds digit of 37841?
8
What is the hundreds digit of 79176?
1
What is the units digit of 63147?
7
What is the tens digit of 20194?
9
What is the hundreds digit of 83023?
0
What is the thousands digit of 3444?
3
What is the ten thousands digit of 11759?
1
What is the tens digit of 198856?
5
What is the units digit of 20043?
3
What is the units digit of 1504?
4
What is the units digit of 8550?
0
What is the ten thousands digit of 28404?
2
What is the hundreds digit of 14534?
5
What is the tens digit of 63?
6
What is the tens digit of 545?
4
What is the units digit of 993?
3
What is the ten thousands digit of 100090?
0
What is the units digit of 16047?
7
What is the tens digit of 10856?
5
What is the tens digit of 928?
2
What is the ten thousands digit of 10487?
1
What is the hundreds digit of 10672?
6
What is the tens digit of 407?
0
What is the units digit of 983?
3
What is the tens digit of 7505?
0
What is the units digit of 49465?
5
What is the units digit of 156?
6
What is the tens digit of 562?
6
What is the ten thousands digit of 12637?
1
What is the units digit of 19202?
2
What is the units digit of 1047?
7
What is the tens digit of 1244?
4
What is the hundreds digit of 4346?
3
What is the hundreds digit of 1208?
2
What is the thousands digit of 60136?
0
What is the hundreds digit of 1900?
9
What is the thousands digit of 33270?
3
What is the hundreds digit of 5785?
7
What is the units digit of 4311?
1
What is the units digit of 34?
4
What is the tens digit of 41?
4
What is the hundreds digit of 706?
7
What is the tens digit of 1417?
1
What is the units digit of 27917?
7
What is the tens digit of 340?
4
What is the hundreds digit of 274?
2
What is the units digit of 3172?
2
What is the units digit of 1782?
2
What is the tens digit of 1522?
2
What is the units digit of 195?
5
What is the tens digit of 34242?
4
What is the hundreds digit of 773?
7
What is the ten thousands digit of 121432?
2
What is the units digit of 16061?
1
What is the hundreds digit of 10560?
5
What is the thousands digit of 10964?
0
What is the hundreds digit of 66148?
1
What is the units digit of 14545?
5
What is the units digit of 60262?
2
What is the units digit of 12336?
6
What is the hundreds d